{"id":61,"date":"2017-02-28T13:55:31","date_gmt":"2017-02-28T13:55:31","guid":{"rendered":"http:\/\/www.rtkd.fi\/?page_id=61"},"modified":"2025-02-04T15:48:19","modified_gmt":"2025-02-04T15:48:19","slug":"miten-mukaan","status":"publish","type":"page","link":"https:\/\/rtkd.fi\/?page_id=61","title":{"rendered":"Miten mukaan"},"content":{"rendered":"<p>Tervetuloa harrastamaan taekwondoa! Lue oheisista linkeist\u00e4, miten p\u00e4\u00e4set mukaan toimintaamme.<\/p>\n<p><a href=\"https:\/\/rtkd.fi\/?page_id=74\">Junnut yli 7 v<\/a><\/p>\n<p><a href=\"https:\/\/rtkd.fi\/?page_id=76\">Aikuiset<\/a><\/p>\n","protected":false},"excerpt":{"rendered":"<p>Tervetuloa harrastamaan taekwondoa! Lue oheisista linkeist\u00e4, miten p\u00e4\u00e4set mukaan toimintaamme. Junnut yli 7 v Aikuiset<\/p>\n","protected":false},"author":1,"featured_media":0,"parent":0,"menu_order":0,"comment_status":"closed","ping_status":"closed","template":"","meta":{"footnotes":""},"class_list":["post-61","page","type-page","status-publish","hentry"],"_links":{"self":[{"href":"https:\/\/rtkd.fi\/index.php?rest_route=\/wp\/v2\/pages\/61","targetHints":{"allow":["GET"]}}],"collection":[{"href":"https:\/\/rtkd.fi\/index.php?rest_route=\/wp\/v2\/pages"}],"about":[{"href":"https:\/\/rtkd.fi\/index.php?rest_route=\/wp\/v2\/types\/page"}],"author":[{"embeddable":true,"href":"https:\/\/rtkd.fi\/index.php?rest_route=\/wp\/v2\/users\/1"}],"replies":[{"embeddable":true,"href":"https:\/\/rtkd.fi\/index.php?rest_route=%2Fwp%2Fv2%2Fcomments&post=61"}],"version-history":[{"count":13,"href":"https:\/\/rtkd.fi\/index.php?rest_route=\/wp\/v2\/pages\/61\/revisions"}],"predecessor-version":[{"id":700,"href":"https:\/\/rtkd.fi\/index.php?rest_route=\/wp\/v2\/pages\/61\/revisions\/700"}],"wp:attachment":[{"href":"https:\/\/rtkd.fi\/index.php?rest_route=%2Fwp%2Fv2%2Fmedia&parent=61"}],"curies":[{"name":"wp","href":"https:\/\/api.w.org\/{rel}","templated":true}]}}